6695 = -90*k. List the prime factors of k.
5, 283
Let h(b) = 22*b - 10. Suppose 2*v = 3*k + 18, -k = -2*v + 16 - 6. Let s be h(v). Let i = s + -3. What are the prime factors of i?
53
Let j = 1117 - 494. Let b = 1214 - j. What are the prime factors of b?
3, 197
Suppose -3*z - 6*d + 7*d + 157 = 0, -118 = -2*z + 4*d. Suppose -z*m + 12504 = -27*m. List the prime factors of m.
521
List the prime factors of -2 + 77/21 + ((-1371128)/(-24) - 3).
3, 137, 139
Let n be ((-4)/1)/((2 + 4)/6). Let p be ((-30)/(-35))/(n/(-14)). Suppose -449 = -3*q + 2*u - u, -p*q - 3*u = -441. What are the prime factors of q?
149
Let y = -19 - -19. Suppose y*c = -4*c + 3*a + 27, 40 = 5*c - 5*a. Suppose -4*b + 527 = -c*s, 5*s = -0*b + 2*b - 267. List the prime factors of b.
131
Suppose 7*j - 5*m = 4*j + 75882, m = 2*j - 50595. What are the prime factors of 3/(-24) - j/(-24)?
2, 17, 31
Suppose 0 = -4*i + 2*c + 10 + 60, -3*i + 55 = -2*c. Suppose 9*l = i*l. What are the prime factors of l - (-4 + -118 - -4)?
2, 59
Suppose 79*k = -88*k + 209*k - 223482. What are the prime factors of k?
17, 313
Let q = -54 + 65. List the prime factors of 2*-9*q/(-1).
2, 3, 11
Suppose 3*j - 54 = 12. What are the prime factors of (-8668)/j*(-1)/1?
2, 197
Let m = 12 - -179. Suppose m = 2*r - g + 4, -280 = -3*r + g. Let l = 192 - r. What are the prime factors of l?
3, 11
Let g(u) = 2*u**2 + 9*u - 12. Let q be (((-108)/(-8))/(-3))/((-3)/(-4)). Let l be g(q). List the prime factors of (-3 - -2)*-1 - (l + -174).
13
Let f = -212 - -215. Suppose -8*q + 203 = -5*q + 4*v, -f*v + 61 = q. What are the prime factors of q?
73
List the prime factors of 52/(-6) + -4*(-16)/96 - -90378.
2, 5, 7, 1291
Suppose 56*j = 48*j + 160992 - 24608. What are the prime factors of j?
2, 2131
Let x = 16850 - 3937. What are the prime factors of x?
37, 349
Let a be (0 - 0) + 22 + -19. What are the prime factors of ((-27)/90*-15)/(a/128)?
2, 3
Let b(g) = -g - 6. Let m be b(-7). Let p(a) be the first derivative of 49*a**2/2 - 2*a + 290. List the prime factors of p(m).
47
Suppose 0 = -14*k + 4*k + 20. Suppose -3*q - 377 = -5*q + 5*p, 5*q + k*p - 1015 = 0. List the prime factors of q.
3, 67
Suppose 0 = 5*g - 3*a + 64, -5 = 5*a + 5. What are the prime factors of 26/(g/21 - (-320)/462)?
7, 11, 13
Let f(q) = 2 - 4*q**2 - 48*q - 57*q + 113*q - q**3. Let m(g) = g**3 - 7*g**2 - 7. Let i be m(7). List the prime factors of f(i).
3, 31
Let i = -5684 - -17516. What are the prime factors of i?
2, 3, 17, 29
Let h be 15/(-1 + (-35)/(-20)). Suppose -4*c + h = -6*y + 3*y, y - 10 = -2*c. Suppose g + 5*v - 131 - 138 = y, -5*g + 1253 = 2*v. List the prime factors of g.
3, 83
Suppose 0 = 4*i + 5*g + 4194 - 17297, 2*g = -5*i + 16366. Suppose -9*y = -3379 - i. List the prime factors of y.
739
Let b(g) = -g**2 + 29*g + 49. Let d be b(31). Let x(j) = -j**3 - 12*j**2 + 11*j - 14. List the prime factors of x(d).
2, 3
Suppose p + 28368 = 6*p - 3*x, 4*p - 5*x = 22697. What are the prime factors of p/9 + ((-75)/9 - -8)?
2, 3, 5, 7
Suppose -15*k + 5*m = 8*m - 451821, -2*m = -5*k + 150616. What are the prime factors of k?
2, 15061
Let n be (-76)/(-3) + 6 + 64/(-12). Let k(p) = 19*p + 7. List the prime factors of k(n).
3, 167
Let b(o) = -26*o. Let w = -403 + 392. What are the prime factors of b(w)?
2, 11, 13
Let v(y) = -14*y - 584. Let l be v(-43). Let g(d) = -d**2 + 5*d + 1. Let n be g(4). Suppose -7 = n*x + l, -h = -3*x - 134. What are the prime factors of h?
7, 17
Let v(u) = 52*u**2 - 5*u + 260. What are the prime factors of v(32)?
2, 13337
Let u be 42/(-4)*5/(90/(-12)). Suppose 4 = -u*c - 10. Let d = 65 - c. List the prime factors of d.
67
Suppose -224*o = 5*m - 223*o - 32414, 2*o = -12. What are the prime factors of m?
2, 1621
Let q = 106 + -87. Suppose 4*i = 41 + q. Suppose 3*h + i = 465. List the prime factors of h.
2, 3, 5
Suppose 0 = 2*y + 5*f - 20792, 2*f - 20792 = -210*y + 208*y. List the prime factors of y.
2, 23, 113
What are the prime factors of -18*((-134701)/(-28))/(-7)*(-5 + 7)?
3, 2749
Let w(b) = -3*b**3 - 2*b**2 - 3*b + 4. Let v be w(-4). Let k = -32535 - -32540. Suppose d = -5*z + v, 0*d - k*d - 3*z = -858. List the prime factors of d.
3, 19
Suppose 0 = 9*p - 3*p - 30. Suppose 15*k + p = 16*k. Suppose 3*s + 2*u - 176 = 0, -4*u = -k*s - u + 325. What are the prime factors of s?
2, 31
Suppose 5*o + 15*o = 400. Suppose 5*l + o = 0, -8*j + 11*j + 2*l = 3538. List the prime factors of j.
2, 3, 197
Suppose -6*w - 4*k - 28628 = -8*w, 5*w - 71630 = -5*k. Suppose u + w = 23*u. List the prime factors of u.
3, 7, 31
Let x be (18/(-8))/(132/(-704)). Suppose -x*g + 10961 = 377. List the prime factors of g.
2, 3, 7
Let n = 639 - 637. What are the prime factors of 4173*((-21)/(-9) - n)?
13, 107
Let f = 8579 + -1437. What are the prime factors of f?
2, 3571
List the prime factors of (0 + 2 + (-716584)/102)*12/(-5).
2, 7, 43
Let s(i) = 136*i - 131. List the prime factors of s(30).
11, 359
Suppose -6*s + 50161 = 2*o - 3*s, 0 = -3*s + 21. List the prime factors of o.
2, 5, 23, 109
Suppose 0 = -2*n + 4*f + 23474, f = 3*n - f - 35207. List the prime factors of n.
5, 2347
Let t(s) = -s**3 - 42*s**2 - 49*s - 136. What are the prime factors of t(-44)?
2, 3, 491
Suppose -69*q - 94*q = -663247. What are the prime factors of q?
13, 313
Suppose 104*i = 112*i - 15616. What are the prime factors of i?
2, 61
Suppose x + 6*x = 70. Let a(n) = 2*n - 18. Let g be a(x). Suppose -o = -5*t - 10, 3*t = g*o - 4*o + 46. What are the prime factors of o?
2, 5
Suppose -4*s = 2*s - 0*s. Suppose -1256 = -4*m - s*m + 2*q, -m + 296 = 4*q. List the prime factors of m.
2, 3, 13
Let o(h) = -h**2 - 6*h + 9. Let p be o(-7). Suppose -4*l + 764 = -2*y, 2*l = 3*l + p*y - 186. List the prime factors of (96/10)/(19/l).
2, 3
Let a = 0 - -3. Suppose -c = 20 - 26. Suppose -5*d - 2*l = -30, -2*d + a*d = 5*l + c. List the prime factors of d.
2, 3
Suppose 4*c + 32 = 0, -255*c = 5*s - 251*c - 82713. What are the prime factors of s?
13, 19, 67
Let c = 69 + -62. Suppose -11 - c = -9*x. List the prime factors of 59 + (-4 - (x - 5)).
2, 29
Let l be (-90)/405 + 16634/(-27)*-3. Suppose -146*i = -142*i - l. What are the prime factors of i?
2, 3, 7, 11
Let g(w) = 12*w**3 - 15*w**2 - 25*w + 380. What are the prime factors of g(9)?
2, 31
Suppose 26*c - 15*c = 473. Suppose -37*q - 2376 = -c*q. What are the prime factors of q?
2, 3, 11
Suppose -5*u = -4*t + 31899, -4*t + u + 31900 = -3*u. What are the prime factors of t?
2, 997
Suppose -m - 4*d = 4*m - 9596, -3*m = 5*d - 5755. Let r = m - 1198. List the prime factors of r.
2, 19
Let z(o) = 863*o + 5317. List the prime factors of z(16).
3, 5, 17
Let x = 4410 - -5509. List the prime factors of x.
7, 13, 109
List the prime factors of 71208/72 - ((1 - 2) + -2).
2, 31
Suppose 31*j - 33*j = -2*s + 9940, 0 = 5*s + j - 24826. List the prime factors of s.
2, 13, 191
Let r be -5*(-8)/120 - (-13)/(-3). Let c(z) = 3*z**2 + 12*z - 1. Let w be c(r). Let u(j) = -219*j - 3. What are the prime factors of u(w)?
2, 3
Let x(o) = -o - 17. Let k be x(-17). Suppose 6 = -5*m + j, -2*j - 3 - 5 = k. List the prime factors of 35/((-2)/m + 0).
5, 7
Suppose -h = -15*w + 19*w - 64907, -5*h + 324703 = -w. What are the prime factors of h?
7, 9277
Let o(s) = 6*s + 22. Let v be o(-9). Let y = v + 314. List the prime factors of y.
2, 3, 47
Let g = -31 - -37. Let a be 20/g*(-18)/(-12). Suppose -4*r = 3*s - 302, -a*s + s = -3*r - 436. List the prime factors of s.
2, 53
Let j = 25 + 5. Suppose -j = 22*w - 27*w. Suppose 2*p - 2*c = -w*c + 170, 5*c = -2*p + 175. What are the prime factors of p?
3, 5
Suppose 84*a - 4405204 + 399736 - 762372 = 0. What are the prime factors of a?
2, 3, 5, 11, 43
Suppose -u + 6 = 1, 4*u = 2*j + 17782. List the prime factors of j/(-6) + 275/330.
1481
Let b be (3/2)/(51/170). Let q = -193 - b. Let g = 296 + q. List the prime factors of g.
2, 7
Let v = -14749 - -26176. What are the prime factors of v?
3, 13, 293
Suppose -892*d + 881*d + 19602 = 0. List the prime factors of d.
2, 3, 11
Let m(n) = 4*n**2 + 26*n + 37. Let l = 114 - 131. List the prime factors of m(l).
751
Suppose 2*j + 7 = 5. Let h be (j + 7)/((-3)/(-2)). Suppose 2*l = h*l - 150. List the prime factors of l.
3, 5
List the prime factors of 1836854/188 - (-1)/2.
3, 3257
Suppose 863 = t + x, -1725 = 6*t - 8*t - x. Suppo